{"id":18,"date":"2020-07-03T08:44:15","date_gmt":"2020-07-03T06:44:15","guid":{"rendered":"http:\/\/katrinheinen.com\/?page_id=18"},"modified":"2026-04-06T22:54:24","modified_gmt":"2026-04-06T20:54:24","slug":"impressum","status":"publish","type":"page","link":"https:\/\/katrinheinen.com\/en\/impressum\/","title":{"rendered":"Impressum"},"content":{"rendered":"\n<div class=\"wp-block-group is-layout-constrained wp-block-group-is-layout-constrained\">\n<h2 id=\"impressum\" class=\"wp-block-heading\">Impressum<\/h2>\n\n\n\n<div style=\"height:20px\" aria-hidden=\"true\" class=\"wp-block-spacer\"><\/div>\n\n\n\n<p>Mag. Katrin Heinen<br>Lizensierte Human Design Analytikerin &amp; Lehrerin sowie BG5<sup>\u00ae<\/sup>&nbsp;Career and Business Professional, Lebens- und Sozialberaterin i.A. unter Supervision<br>Glasauergasse 3\/4<br>1130 Wien<br>\u00d6sterreich<br><br>Telefon: +43-676-7134406<br>E-Mail: email@katrinheinen.com <\/p>\n\n\n\n<div style=\"height:20px\" aria-hidden=\"true\" class=\"wp-block-spacer\"><\/div>\n\n\n\n<p>Verantwortlich f\u00fcr den Inhalt: Katrin Heinen<\/p>\n\n\n\n<div style=\"height:20px\" aria-hidden=\"true\" class=\"wp-block-spacer\"><\/div>\n\n\n\n<p>Kammerzugeh\u00f6rigkeit:<strong> <\/strong>Wirtschaftskammer Wien<\/p>\n\n\n\n<p>Aufsichtsbeh\u00f6rde: Magistrat der Stadt Wien, Magistratisches Bezirksamt f\u00fcr den 13.\/14. Bezirk<\/p>\n\n\n\n<div style=\"height:20px\" aria-hidden=\"true\" class=\"wp-block-spacer\"><\/div>\n\n\n\n<p>Umsatzsteuerbefreit \u2013 Kleinunternehmerin gem. \u00a7 6 Abs. 1 Z 27 UStG<\/p>\n<\/div>\n","protected":false},"excerpt":{"rendered":"<p>Impressum Mag. Katrin HeinenLizensierte Human Design Analytikerin &amp; Lehrerin sowie BG5\u00ae&nbsp;Career and Business Professional, Lebens- und Sozialberaterin i.A. unter SupervisionGlasauergasse 3\/41130 Wien\u00d6sterreich Telefon: +43-676-7134406E-Mail: email@katrinheinen.com Verantwortlich f\u00fcr den Inhalt: Katrin Heinen Kammerzugeh\u00f6rigkeit: Wirtschaftskammer Wien Aufsichtsbeh\u00f6rde: Magistrat der Stadt Wien, Magistratisches Bezirksamt f\u00fcr den 13.\/14. Bezirk Umsatzsteuerbefreit \u2013 Kleinunternehmerin gem. \u00a7 6 Abs. 1 Z 27 [&hellip;]<\/p>\n","protected":false},"author":4,"featured_media":0,"parent":0,"menu_order":7,"comment_status":"closed","ping_status":"closed","template":"","meta":{"footnotes":""},"class_list":["post-18","page","type-page","status-publish","hentry"],"translation":{"provider":"WPGlobus","version":"3.0.2","language":"en","enabled_languages":["de","en"],"languages":{"de":{"title":true,"content":true,"excerpt":false},"en":{"title":false,"content":false,"excerpt":false}}},"_links":{"self":[{"href":"https:\/\/katrinheinen.com\/en\/wp-json\/wp\/v2\/pages\/18","targetHints":{"allow":["GET"]}}],"collection":[{"href":"https:\/\/katrinheinen.com\/en\/wp-json\/wp\/v2\/pages"}],"about":[{"href":"https:\/\/katrinheinen.com\/en\/wp-json\/wp\/v2\/types\/page"}],"author":[{"embeddable":true,"href":"https:\/\/katrinheinen.com\/en\/wp-json\/wp\/v2\/users\/4"}],"replies":[{"embeddable":true,"href":"https:\/\/katrinheinen.com\/en\/wp-json\/wp\/v2\/comments?post=18"}],"version-history":[{"count":6,"href":"https:\/\/katrinheinen.com\/en\/wp-json\/wp\/v2\/pages\/18\/revisions"}],"predecessor-version":[{"id":3063,"href":"https:\/\/katrinheinen.com\/en\/wp-json\/wp\/v2\/pages\/18\/revisions\/3063"}],"wp:attachment":[{"href":"https:\/\/katrinheinen.com\/en\/wp-json\/wp\/v2\/media?parent=18"}],"curies":[{"name":"wp","href":"https:\/\/api.w.org\/{rel}","templated":true}]}}

<div class="wp-block-group is-layout-constrained wp-block-group-is-layout-constrained">
<h2 id="impressum" class="wp-block-heading">Impressum</h2>



<div style="height:20px" aria-hidden="true" class="wp-block-spacer"></div>



<p>Mag. Katrin Heinen<br>Lizensierte Human Design Analytikerin &amp; Lehrerin sowie BG5<sup>®</sup>&nbsp;Career and Business Professional, Lebens- und Sozialberaterin i.A. unter Supervision<br>Glasauergasse 3/4<br>1130 Wien<br>Österreich<br><br>Telefon: +43-676-7134406<br>E-Mail: email@katrinheinen.com </p>



<div style="height:20px" aria-hidden="true" class="wp-block-spacer"></div>



<p>Verantwortlich für den Inhalt: Katrin Heinen</p>



<div style="height:20px" aria-hidden="true" class="wp-block-spacer"></div>



<p>Kammerzugehörigkeit:<strong> </strong>Wirtschaftskammer Wien</p>



<p>Aufsichtsbehörde: Magistrat der Stadt Wien, Magistratisches Bezirksamt für den 13./14. Bezirk</p>



<div style="height:20px" aria-hidden="true" class="wp-block-spacer"></div>



<p>Umsatzsteuerbefreit – Kleinunternehmerin gem. § 6 Abs. 1 Z 27 UStG</p>
</div>

<p>Impressum Mag. Katrin HeinenLizensierte Human Design Analytikerin &amp; Lehrerin sowie BG5®&nbsp;Career and Business Professional, Lebens- und Sozialberaterin i.A. unter SupervisionGlasauergasse 3/41130 WienÖsterreich Telefon: +43-676-7134406E-Mail: email@katrinheinen.com Verantwortlich für den Inhalt: Katrin Heinen Kammerzugehörigkeit: Wirtschaftskammer Wien Aufsichtsbehörde: Magistrat der Stadt Wien, Magistratisches Bezirksamt für den 13./14. Bezirk Umsatzsteuerbefreit – Kleinunternehmerin gem. § 6 Abs. 1 Z 27 [&hellip;]</p>
